
Is 785974993 composite?
False
Is 16833161 a prime number?
True
Is 2809343 prime?
True
Is 44603683 prime?
False
Is 6363977 a prime number?
True
Is 7563959 prime?
False
Is 5299823 composite?
False
Is 1539719 composite?
False
Is 46129903 prime?
True
Is 718883 prime?
False
Is 35336437 a composite number?
True
Is 3691657 prime?
True
Is 6339587 a composite number?
True
Is 7209199 prime?
True
Is 6260587 a prime number?
True
Is 221713747 prime?
True
Is 409339 a prime number?
False
Is 6903053 composite?
True
Is 3306341 composite?
False
Is 684683 a prime number?
True
Is 2413771 a composite number?
False
Is 9371051 a composite number?
True
Is 780191 a prime number?
True
Is 735583 a prime number?
False
Is 2402749 a prime number?
False
Is 10184497 a composite number?
True
Is 4423663 composite?
True
Is 165656137 composite?
False
Is 30960691 prime?
False
Is 792488623 a prime number?
False
Is 124215499 a prime number?
False
Is 13524167 prime?
True
Is 2625637 a composite number?
True
Is 18490111 a prime number?
True
Is 2620883 a prime number?
True
Is 5001539 prime?
True
Is 101778913 composite?
True
Is 14075213 composite?
True
Is 1706668159 prime?
False
Is 492863687 a prime number?
True
Is 2369833 a prime number?
False
Is 1777619 a composite number?
True
Is 35204567 composite?
False
Is 7667707 prime?
True
Is 4665653 composite?
False
Is 38111053 a prime number?
True
Is 85447573 a prime number?
True
Is 28873553 prime?
False
Is 38507 a prime number?
False
Is 3587117 a composite number?
False
Is 21462391 composite?
True
Is 1194047 prime?
True
Is 7767979 composite?
True
Is 16179967 prime?
True
Is 1146179 a prime number?
True
Is 21334835 prime?
False
Is 288314267 a composite number?
True
Is 39916883 a prime number?
False
Is 10027651 composite?
False
Is 1352359 prime?
True
Is 186327241 a prime number?
True
Is 88333549 prime?
True
Is 8953189 a composite number?
True
Is 156863359 a prime number?
False
Is 489266819 a prime number?
True
Is 3081037 a composite number?
False
Is 21675349 a prime number?
False
Is 454602517 a prime number?
True
Is 6567101 prime?
False
Is 253637539 a composite number?
False
Is 20057717 composite?
False
Is 568177249 a composite number?
False
Is 991099 composite?
True
Is 6820797 a prime number?
False
Is 434459 composite?
False
Is 319 a prime number?
False
Is 195291403 a composite number?
False
Is 28083449 prime?
True
Is 85983347 composite?
True
Is 1551758491 a prime number?
True
Is 140885617 composite?
False
Is 248779945 composite?
True
Is 70691519 prime?
False
Is 787383197 prime?
True
Is 1928009 a prime number?
False
Is 20633741 prime?
True
Is 12112369 a prime number?
False
Is 27402355 composite?
True
Is 1037327 prime?
True
Is 4410583 a prime number?
False
Is 114928039 composite?
False
Is 21091053 composite?
True
Is 190732699 composite?
False
Is 5225339 a composite number?
True
Is 133618123 a composite number?
False
Is 1355399 a composite number?
False
Is 6905539 a composite number?
True
Is 23502777 a prime number?
False
Is 182803 prime?
True
Is 1086303637 prime?
True
Is 66531813 a prime number?
False
Is 10828247 prime?
False
Is 2858522 prime?
False
Is 355891 a composite number?
False
Is 2268212261 a composite number?
True
Is 9439513 composite?
False
Is 28039853 composite?
False
Is 738277 a prime number?
False
Is 3129985 a composite number?
True
Is 6285421 prime?
False
Is 2205017 a prime number?
True
Is 2932457 a prime number?
False
Is 619432691 a prime number?
True
Is 7563893 prime?
False
Is 15463183 a prime number?
False
Is 12099695 composite?
True
Is 1270215433 a prime number?
True
Is 12449147 a prime number?
True
Is 57563029 prime?
True
Is 2021471 a composite number?
False
Is 43251617 composite?
True
Is 3303643 composite?
True
Is 27912119 prime?
True
Is 33509269 a prime number?
True
Is 612763 a prime number?
True
Is 75625091 prime?
True
Is 72632267 a composite number?
False
Is 38465941 prime?
True
Is 52236439 prime?
True
Is 188972089 composite?
False
Is 2593411 composite?
True
Is 722633 a composite number?
False
Is 953710741 composite?
False
Is 25977661 a prime number?
True
Is 123142466 a prime number?
False
Is 15415523 a composite number?
False
Is 40971351 prime?
False
Is 969301 a prime number?
True
Is 1459651 prime?
True
Is 2099642 a prime number?
False
Is 127751731 composite?
False
Is 748511 a composite number?
True
Is 8327149 a prime number?
False
Is 556417947 a prime number?
False
Is 6420171 composite?
True
Is 3233173 a composite number?
True
Is 4489097 prime?
False
Is 1168537 composite?
False
Is 29673929 a composite number?
False
Is 46577639 prime?
True
Is 508558357 a composite number?
True
Is 3546343 prime?
False
Is 302155519 a prime number?
True
Is 52638989 a prime number?
False
Is 750470079 prime?
False
Is 457261851 composite?
True
Is 42792881 a composite number?
False
Is 8990269 a prime number?
False
Is 916919 prime?
False
Is 254477581 prime?
False
Is 2897887 prime?
True
Is 80079421 a composite number?
False
Is 2593281 composite?
True
Is 502441 prime?
True
Is 2198893 composite?
True
Is 224810189 a composite number?
True
Is 31661801 a composite number?
False
Is 23888269 composite?
False
Is 4783643 a composite number?
False
Is 41989391 a composite number?
False
Is 61398397 prime?
True
Is 11209623 a composite number?
True
Is 17015107 a prime number?
True
Is 99286327 prime?
False
Is 3133111 prime?
True
Is 103791793 a composite number?
True
Is 584016493 composite?
True
Is 16928401 composite?
True
Is 899051 prime?
True
Is 1288739 a composite number?
True
Is 656433781 a prime number?
True
Is 39267455 a composite number?
True
Is 33967571 a composite number?
True
Is 6482783 prime?
True
Is 26539 a prime number?
True
Is 67782197 prime?
False
Is 185686597 a prime number?
False
Is 4078003 composite?
False
Is 10559317 a prime number?
True
Is 110296951 a composite number?
True
Is 562984109 prime?
True
Is 1365787 prime?
True
Is 239387503 prime?
True
Is 2765921 a composite number?
False
Is 194911 a prime number?
True
Is 97362197 composite?
True
Is 58981999 a prime number?
True
Is 27872491 a prime number?
False
Is 78087311 composite?
False
Is 5461277 prime?
True
Is 121874257 composite?
True
Is 57255463 composite?
True
Is 1159997 composite?
False
Is 285702139 prime?
True
Is 218167 a composite number?
True
Is 2272531 a composite number?
True
Is 157732693 prime?
False
Is 27818407 prime?
False
Is 2136791 composite?
True
Is 2639669 a prime number?
True
Is 43112555 a prime number?
False
Is 75838663 a prime number?
True
Is 730907 a composite number?
True
Is 2539639 a prime number?
True
Is 1718923 a composite number?
False
Is 6213593 composite?
False
Is 1154171 prime?
False
Is 959533 prime?
True
Is 8889253 prime?
False
Is 81100141 a prime number?
True
Is 135922069 composite?
True
Is 105192887 prime?
False
Is 13042891 a composite number?
False
Is 1203661 prime?
True
Is 330929 composite?
True
Is 13703563 prime?
False
Is 980659 a prime number?
False
Is 1676551 a prime number?
True
Is 75489629 composite?
True
Is 8953853 a composite number?
False
Is 71736663 prime?
False
Is 320497 a prime number?
False
Is 11735839 composite?
False
Is 8743247 prime?
False
Is 8436113 a composite number?
True
Is 5630627 prime?
True
Is 154871 a composite number?
False
Is 8928617 a composite number?
True
Is 32616182 a prime number?
False
Is 286637851 a composite number?
False
Is 126181 a composite number?
True
Is 2154683 a prime number?
True
Is 2292431 prime?
False
Is 38242 prime?
False
Is 72081437 a composite number?
False
Is 31889413 composite?
False
Is 28900435 a prime number?
False
Is 5564029 a composite number?
False
Is 73628021 a prime number?
False
Is 142801081 a prime number?
True
Is 683671 a prime number?
False
Is 7599121 prime?
True
Is 10398218 prime?
False
Is 20491879 a prime number?
False
Is 200606039 a prime number?
True
Is 32820371 prime?
True
Is 14016995 prime?
False
Is 2532697 a prime number?
True
Is 33038309 a composite number?
True
Is 378073 a composite number?
True
Is 5622623 prime?
True
Is 24875897 composite?
False
Is 12669047 composite?
True
Is 184855303 prime?
True
Is 35278109 composite?
True
Is 79831621 composite?
True
Is 287659 prime?
False
Is 429555277 composite?
True
Is 1791701 a composite number?
False
Is 134123369 prime?
False
Is 69657409 prime?
Fals